(d) = 2*d**3 - 3*d**2 + 2. Let m = -1 - -3. Determine p(m).
6
Let t(y) be the first derivative of -y**4/4 + y**3/3 - 11*y - 3. Determine t(0).
-11
Let c be 2 + -2 + 5*1. Let u(q) = 3*q**2 - 4*q**2 + 5*q - 5 + 2*q. What is u(c)?
5
Let h(g) be the second derivative of -4*g**3/3 + 45*g. Determine h(1).
-8
Let u(a) = a**3 - 2*a**2 + 6*a - 5. Let t = -15 - -22. Let g(k) = -k**3 + k**2 - 6*k + 4. Let m(o) = t*g(o) + 6*u(o). What is m(-4)?
6
Let h(t) = 8 - t**2 + 1 + 4*t - 1. Give h(6).
-4
Let q(p) = -5*p + p**2 + 2 + 0*p + 3*p. What is q(3)?
5
Let t(i) = i**2 - 2*i - 1. Let a = 32 + -33. Calculate t(a).
2
Suppose 0 = -3*p - m - 2*m - 9, -5*p - 4*m = 14. Let j be ((-4)/p)/((-4)/(-6)). Let k(n) = -4*n + 5*n - 4 + j*n + n**2. Calculate k(-4).
-4
Let y(x) be the third derivative of 0*x - 1/24*x**4 - x**2 - 5/6*x**3 + 0. Determine y(-5).
0
Let h(w) = 2 + 0*w + w - 2*w. Let s be h(0). Let b(p) = 11 + p + 0*p - s. Determine b(-4).
5
Let v(y) = -y**3 + 4*y**2 - 2*y - 1. Suppose 0 = -2*s + s + 10. Let m = s - 8. What is v(m)?
3
Suppose i + 18 = 2*c + 6*i, -10 = -5*i. Let d(x) be the third derivative of 0 + 1/2*x**3 - 3*x**2 + 0*x + 1/24*x**c. What is d(0)?
3
Let d(t) be the first derivative of t**4/12 + t**3/2 - 2*t**2 + 3*t - 2. Let v(h) be the first derivative of d(h). What is v(-3)?
-4
Suppose -4*g - 4 = -0. Let k be (g + 6)/(2 - 1). Let j(d) = -k*d - 2*d + 2*d + 3*d. Calculate j(-3).
6
Let s be 3/(-2) - (-4)/(-8). Let i(y) = 2*y**3 + y**2 - 2*y. Determine i(s).
-8
Let c(i) be the second derivative of -i**5/20 - 2*i**4/3 + 5*i**3/3 + i**2 - 3*i. Let r be c(-9). Let x = r + 12. Let y(g) = -g**3 + 5*g**2 - 3. Give y(x).
-3
Let p(k) = -k**3 + 4*k**2 + 4. Let j be (-5 + 1)*2/(-4). Let n be 14/j + 2 + -5. Calculate p(n).
4
Suppose 4*i - 8 = -0*i. Let g(s) = -3*s + 2*s - s - s**2 + 2*s**3. Give g(i).
8
Let n(z) = 2*z**3 + 2*z**2 + z - 1. Let v(p) = p**3 - 8*p**2 + 6*p + 10. Let m be v(7). Let u = 1 - m. Calculate n(u).
-11
Let v(y) be the first derivative of -3*y - 1/4*y**4 - 3/2*y**2 - 3 + 5/3*y**3. Calculate v(4).
1
Let w(l) be the third derivative of 1/2*l**3 + 0*l**4 + 0*l - 2*l**2 - 1/60*l**5 + 0. Give w(3).
-6
Let y(t) = -33*t - t**2 - 10 - 40*t + 83*t - 3. Determine y(9).
-4
Let n(l) be the third derivative of l**5/15 + l**4/8 + l**3/6 + 2*l**2. Let b(s) = -2*s + 4. Let m be b(3). Calculate n(m).
11
Let r(i) = -8*i**3 + i. Let y(q) = 3*q**3 - 5*q**2 - 9*q + 9. Let w(n) = n**3 + n**2. Let f(j) = 2*w(j) - y(j). Let v be f(8). Calculate r(v).
7
Let q(b) = 4*b + 1. Let f(t) be the third derivative of 0*t + 1/6*t**3 + 5/24*t**4 + 0 + t**2. Let r(v) = -5*f(v) + 6*q(v). Give r(5).
-4
Let j = 8 - 6. Let u(n) = -2*n**2 + 5*n + 6. Let x(m) = -m**2 + 5*m + 5. Let f(b) = j*u(b) - 3*x(b). Suppose -5*p = -k - 10, -3*p + 0*p - 12 = 3*k. Give f(k).
-3
Let k(i) = 5*i**3 - 6*i**2 - i + 6. Let f(q) = -4*q**3 + 7*q**2 + q - 7. Let v(o) = -6*f(o) - 7*k(o). What is v(-1)?
10
Let a = 5 + -10. Let n = -2 - -6. Let v(l) = -1 + 7*l + 3*l**2 - l**2 + n - l**2. What is v(a)?
-7
Suppose -5*s - 4 = -0*s + 4*j, j + 1 = 0. Let q(f) = -f**3 - f**2 + 2*f + 2. Let h be q(-2). Let d(x) = 5 + 1 + x**h - x - 3. Calculate d(s).
3
Suppose 5*q - 7*q + 10 = 0. Let b(m) = -q*m**2 - 6*m + 0*m + 3*m + 2*m. Determine b(1).
-6
Let l(p) = 7*p**2 + 12*p + 10. Let r(j) = -15*j**2 - 25*j - 21. Let i(g) = -13*l(g) - 6*r(g). What is i(-3)?
5
Let u be (6/(-4) - (-3)/2)/2. Let c(j) = j**2 + j - 18. Determine c(u).
-18
Let d(f) = -2*f + 5. Suppose 4*r + 16 = a - 5*a, 0 = -3*a + 3*r - 12. What is d(a)?
13
Let q be 1*3 - (4 - 3). Let m(b) = b + 4*b**3 + 0*b**3 + 3*b**q - 2*b**2. Suppose 2*a = -3*l + 10, 3 = a - 5*l + 24. Calculate m(a).
-4
Let w(o) be the first derivative of -o**4/4 + o**3 - o**2 - 3*o - 1. Suppose u - 4 = -0. Let a = u - 1. What is w(a)?
-9
Let n be (-15)/(-5) - 0/1. Let h(l) = -2*l**2 - l**3 + 42*l + 2 - n*l**2 - 43*l. Let k(t) = -2*t + 7. Let q be k(6). Determine h(q).
7
Let k(x) = -x**2 + 2*x + 2. Suppose 5 = 2*d + 3. Suppose -21 = -3*s + 5*p, 3*p + 2 = -4*s + d. Suppose -s*l = -2 + 6. Determine k(l).
-6
Let k(m) be the first derivative of m**3/3 + 3*m**2/2 - 2*m + 45. What is k(-5)?
8
Let a(k) = 3*k + 3. Let c(f) = f + 1. Let x = -78 + 182. Let h be x/18 + (-10)/(-45). Let u(b) = h*a(b) - 17*c(b). What is u(-3)?
-2
Let o(d) = -4*d**3 - d**2 - 2*d - 1. Let w(a) be the third derivative of -2*a**2 + 0*a + 0 - 4/3*a**3 + 1/24*a**4. Let n be w(7). Calculate o(n).
4
Let a(s) be the third derivative of -1/24*s**4 + 0*s - 1/3*s**3 - 1/120*s**6 + 0 + 7*s**2 + 1/12*s**5. Determine a(2).
8
Let q(x) = x**2 + 5*x + 3. Suppose 0 = j - 0*y - y + 5, -4*y = -2*j - 12. Let a(f) = -f**2 - 3*f. Let p be a(j). Calculate q(p).
-1
Let a(m) = -m**3 + 7*m**2 + 8*m + 2. Let i be a(8). Suppose -5 = i*y + 3. Let r(k) = k**3 + 3*k**2 - 6*k - 6. Determine r(y).
2
Let g(w) = -34*w - 7. Let o(x) = -12*x - 2. Let r(z) = -2*g(z) + 7*o(z). Determine r(1).
-16
Let f(n) = n**2 - 2*n - 3. Let j be f(4). Suppose 0 + 15 = j*l. Let k(y) = 5 + 2*y**2 + y - y**2 - 6 - l*y**3. Determine k(1).
-2
Let i(t) be the first derivative of t**4/4 + 2*t**3 - 7*t**2/2 - 6*t - 1. What is i(-7)?
-6
Let k(c) = -c**3 + c**2 - c + 17. Let d(h) = 2*h - 16. Let r be d(8). What is k(r)?
17
Let u(n) be the first derivative of n**3/3 - n**2/2 - 8. Let h be ((-6)/(-15))/(1/5). Let j = 0 + h. Determine u(j).
2
Let w(d) = -d**3 + 11*d**2 - 11*d + 7. Let q(f) = 10*f**2 + f - 1. Let p be q(1). Determine w(p).
-3
Let m(b) = b**2 + b + 1. Let h(f) = -f**2 - 2*f - 1. Let t(i) = 5*h(i) + 6*m(i). Let a be 1/(0 - 1/(-2)). Determine t(a).
-3
Let u(o) = -o**3 + 8*o**2 - 9*o + 17. Let r be u(7). Let p = -8 - -4. Let a be 1/(p - r/(-1)). Let j(b) = 7*b**2 - 1. Give j(a).
6
Let b(m) = -m - 2. Let z be 10/3 - 2/(-3). Suppose 0 = j - z*j. What is b(j)?
-2
Let b(f) = -f**3 + 5*f**2 - 3*f. Let h be ((-24)/16)/(6/(-4)). Let m be h/2*(-4 + 8). Determine b(m).
6
Let z(d) be the first derivative of 5*d**2 - d + 1. What is z(1)?
9
Let c(y) = -y**2 - y - 1. Let h(i) = 7*i**2 + 6*i + 7. Let a = 1 + 0. Let b(w) = a*h(w) + 6*c(w). Give b(-3).
10
Let k(f) = -4 + f - 2 + f. Let n = -48 + 54. Calculate k(n).
6
Let r = 0 + -1. Let l(k) be the third derivative of 5*k**4/24 + k**3/6 - 13*k**2 + 1. What is l(r)?
-4
Let n(r) = -r**2 - 9*r - 9. Let c = 19 + -26. Give n(c).
5
Let d(u) = -u**3 - 10*u**2 - 8*u + 13. Let q be 27*(0 - -1)*1. Suppose -4*r + r = q. Let b be d(r). Let v(g) = -g**3 + 4*g**2 + 2*g - 6. Calculate v(b).
2
Suppose -4*i = 12 - 28. Suppose -10 = -i*x + 10. Let m(o) = -o**2 + 7*o + 2. Determine m(x).
12
Let y(g) = -g**2 + 6*g - 1. Let r be (42/(-10) - -5)/((-1)/(-5)). Determine y(r).
7
Let n(o) be the third derivative of 1/60*o**6 - 1/60*o**5 + 0*o - 1/6*o**3 - 1/24*o**4 - 2*o**2 + 0. Give n(-1).
-3
Let o be 0*(6/2)/(-9). Let a = o + 1. Let w(l) be the first derivative of 2*l**2 - l - 7. Calculate w(a).
3
Let x(o) = -o**2 - 5*o - 5. Suppose 8*n = 7*n + 1. Suppose -l = n + 4. Give x(l).
-5
Let c(a) be the third derivative of a**8/20160 + a**7/840 + a**6/240 - a**5/20 - a**2. Let y(v) be the third derivative of c(v). Give y(-2).
-5
Let z = -21 + 19. Let r(d) = -d**3 + d**2 + d + 1. What is r(z)?
11
Let z = 5 + -2. Let b be 2 - (-1 + 0 - 0). Let j(k) = -b + 2 + 5 + k. Calculate j(z).
7
Let x(o) = o**2 + 15. Let d = -20 - -20. Give x(d).
15
Let u(r) = -r**3 - 3*r**2 + r - 3. Let h be u(-3). Let i(c) = c + 2. Determine i(h).
-4
Let d(m) = -9*m + 4*m + 3*m - 4. What is d(-6)?
8
Let h(u) = u**3 - 9*u**2 - 11*u + 11. Let t be h(10). Let b(g) = -8*g**3. What is b(t)?
-8
Let d(h) = -h + 5. Let x be d(3). Suppose -s = 4*p + p - 1, -s - x = 2*p. Let l(m) be the third derivative of -m**4/24 - m**3/2 - 59*m**2. Give l(s).
1
Let g be 2/11 + (-100)/(-55). Let f(k) = -6 + k + g + 4. Determine f(-1).
-1
Let a(j) be the third derivative of j**7/2520 - 7*j**6/720 + j**5/120 + j**4/8 + 4*j**2. Let l(q) be the second derivative of a(q). Determine l(5).
-9
Suppose 2*c - 8 = 4*k - 2, 4*k + 3 = c. Let y(r) = -5 + c + 0*r - r + 1. Suppose 8 = 3*a + 17. Calculate y(a).
2
Let q(r) = -r**2 - 17. Suppose 11*y - 8*y = 5*y. Determine q(y).
-17
Suppose -5*h + 20 = -h. Suppose 2*o + h = -1. Let w(f) = 2 + 1 + f**2 - 4. Determine w(o).
8
Let k(j) = -j**2 + 8*j - 7. Let i(s) = 6*s - 28. Let c be i(6). G